 = n**3 + 11*n**2 - 2*n - 13. Let x be h(-11). Suppose 3 + 6 = x*i. Calculate the greatest common divisor of i and 8.
1
Let y(c) = 5*c**2. Let s(l) = -l**2 + 14*l + 6. Let v be s(14). Let x be ((-24)/(-18))/(4/v). Let q be y(x). What is the highest common factor of q and 10?
10
Let p(z) = 31*z - 250. Let j be p(9). What is the greatest common factor of 2349 and j?
29
Let x = 57 + -21. Let c be 4 - (-61 - (4 + -1)). Suppose 4*q + c = 3*s, -4*s + 70 = -s - 2*q. Calculate the highest common factor of s and x.
12
Let h(z) = -2*z + z**3 - 7*z**2 - 9 - 2*z**3 + 8. Let m be h(-7). What is the highest common divisor of 13 and m?
13
Suppose -5*q - 2*b - 306 = 0, 4*q = 2*b - 0*b - 234. Let j be (-292)/q + (-8)/(-60). What is the greatest common factor of j and 1?
1
Suppose 9*t - 50 = 4*t. Suppose 3*n + 63 = 4*o, 4*o + 20*n - 65 = 25*n. Calculate the greatest common divisor of t and o.
5
Let r(w) = 3 - 10*w - 17*w + 10 - 3. Let d be r(-3). What is the highest common factor of 13 and d?
13
Let z(n) = -12*n - 7. Let j be z(-6). Let y(k) = -2*k**3 + 3*k**2 - k - 4. Let u be y(-2). What is the highest common divisor of j and u?
13
Let c be (-170)/(-45) - (-2)/9. Suppose 0*f = c*f + 4*w - 784, -5*w + 785 = 4*f. What is the highest common divisor of f and 39?
39
Let o = 18 - 13. Suppose o*f = 11 - 1, -5*f - 166 = 4*d. Let w = -21 - d. Calculate the highest common factor of 92 and w.
23
Let r be (1/2)/(14/(-196)). Let t = 9 - r. What is the greatest common factor of 16 and t?
16
Let w be 3/(-8) + 11/8 - -2. Let v = 0 - -42. Suppose -x = x - v. What is the highest common factor of w and x?
3
Let y be 6/4 - 900/(-40). What is the highest common factor of 984 and y?
24
Suppose 14*l - 10 = 9*l. Suppose -m - 53 = -5*i - l*m, 5*i = 4*m + 38. Calculate the highest common divisor of 70 and i.
10
Suppose 5*f + t - 40 - 145 = 0, -5*t = -f + 63. Let h(c) = -c**2 + 10*c - 5. Let u be h(4). Calculate the highest common factor of f and u.
19
Let x(i) = -5*i + 18. Suppose -2*c - 4*t = -4, 3*t = -c + 2*t - 2. Let o be x(c). Calculate the greatest common divisor of 6 and o.
6
Let i be 1 + (-4 - -4 - -184). Let u = -38 + i. What is the highest common factor of 21 and u?
21
Suppose 7*v + 381 - 1151 = 0. What is the highest common factor of 30 and v?
10
Suppose -29 = t - 2*b, -5*t - 5*b = -10*t - 165. Let o = t - -60. What is the highest common divisor of o and 115?
23
Suppose 4*k + 16 = 5*h, -4*h - 15 = k - 8*h. Let o be k/5 + (-16)/5. Let l be (14 - o) + 6/(-3). Calculate the highest common divisor of l and 6.
3
Let q = -12 + 18. Let o(w) be the second derivative of 6*w**5/5 - w**3/6 + w**2/2 + 2*w. Let s be o(1). What is the greatest common divisor of q and s?
6
Suppose 11*a = 12*a - 42. What is the highest common factor of 882 and a?
42
Let u = -193 + 196. Calculate the highest common factor of 3 and u.
3
Suppose -37 = -4*y - 5*v + 17, -44 = -3*y - 2*v. Let o = 40 - 23. Suppose r + o = 5*p + 4*r, r = -p + 3. Calculate the greatest common factor of p and y.
4
Suppose 4*r = -l + 4*l - 251, r = 2*l - 174. Let b = 43 + l. Suppose a - b = -3*a. What is the highest common divisor of a and 264?
33
Let i = 47 - 41. Suppose -4*r - 4*x - i = -r, -2*r + 7 = -x. What is the highest common divisor of 2 and r?
2
Let c(j) = -j**2 + 22*j - 67. Let i be c(18). Calculate the highest common divisor of i and 160.
5
Let z = -163 - -189. Calculate the greatest common divisor of 494 and z.
26
Suppose 0 = 5*f - 166 + 1. Suppose 4*d + 18 = 30. What is the greatest common divisor of d and f?
3
Let l be (-2 - -1)/(1/(-26)). Let m be (-208)/6 + (-4)/12. Let w = 48 + m. What is the highest common factor of w and l?
13
Suppose 5*q - 2*g = 517 + 82, g + 240 = 2*q. Calculate the greatest common divisor of 68 and q.
17
Let s be (7944/9)/2 - (-10)/(-30). Calculate the highest common divisor of 18 and s.
9
Let w(p) = -p + 14. Let h be w(9). Let b(r) = -6*r**2 + 5. Let i be b(0). Calculate the highest common divisor of i and h.
5
Let c = 123 - 57. What is the greatest common factor of c and 18?
6
Let c be 18/(-135) + 6077/15. What is the highest common divisor of c and 9?
9
Let l = 186 - 177. Calculate the greatest common factor of 36 and l.
9
Suppose 3*f - r = 527, -57*r + 59*r + 10 = 0. Calculate the greatest common divisor of f and 638.
58
Suppose -116 = -3*z + 67. Suppose -3*d + 8*d + 25 = 5*a, 0 = 5*a + 4*d - z. Suppose 0 = k - 0*k - 63. Calculate the highest common factor of a and k.
9
Let c = -564 - -822. Let m(a) = -500*a + 4043. Let r be m(8). What is the greatest common divisor of c and r?
43
Let s(u) = 4*u**2 + 25*u + 8. Let m be s(-7). What is the highest common divisor of 145 and m?
29
Let h(a) = -4*a. Let m be h(-3). Let y = 9 - 14. Let s = y + 13. What is the greatest common divisor of s and m?
4
Suppose -23*t + 123 = -20*t. What is the highest common factor of 82 and t?
41
Suppose 2*k + k = 6. Suppose -3*q - 4*m - 7 + 32 = 0, 4*q + k*m = 20. What is the highest common factor of 12 and q?
3
Let z = 501 + -293. Let g be 27 + (-3 + 3 - -3). Suppose a = -4 + g. What is the highest common divisor of a and z?
26
Suppose 0 = -4*p + 4*a + 228, 2*p - a = -2*p + 219. Let t be (-3 - (-34)/8)/(4/(-80)). Let o = t + 43. Calculate the highest common factor of p and o.
18
Let j(b) = 18*b**2 + 66*b + 6. Let t be j(-4). Let r be 4 + -3 + (-4)/(-2). Calculate the highest common divisor of r and t.
3
Suppose -19 + 17 = -g. Suppose 73 + 7 = 3*z + 2*o, g*o + 16 = z. Calculate the greatest common factor of 32 and z.
8
Let z = -62 - -194. Calculate the greatest common factor of 60 and z.
12
Let a(p) = 3*p**2 + 1. Let x be a(-2). Let z = 100 - 9. Suppose 28*i - z = 27*i. Calculate the greatest common divisor of x and i.
13
Let g(n) = -55*n**2 - 2*n - 3. Let l be g(-1). Let r = -49 - l. What is the highest common divisor of 56 and r?
7
Let q(g) = -237*g - 2. Let m be q(-2). Let z = m - 205. Let s = z + -114. Calculate the greatest common divisor of 17 and s.
17
Suppose -2*i = -6*i + 108. Suppose 80 = -3*u - 7*u. Let x be (-172)/(-10) + (u/(-10))/1. Calculate the greatest common divisor of x and i.
9
Let q = 5 - -15. Calculate the highest common divisor of q and 140.
20
Suppose 0 = -3*p + 6*p + 2*s - 249, 332 = 4*p - 4*s. Let f = p - 47. Calculate the highest common divisor of f and 144.
36
Let i = -22 - -30. Let y be (-4)/18 - (-228)/54. Calculate the greatest common factor of i and y.
4
Let z(u) = u**3 - 4*u**2 + 8*u - 6. Let x be z(3). What is the highest common factor of 15 and x?
3
Suppose -16*d - 319 + 4607 = 0. Calculate the greatest common factor of 4 and d.
4
Let b = 888 - 666. What is the greatest common divisor of b and 518?
74
Let x be (-1 - -1)/(-3 + 1). Suppose 2*q + 10 = -x*q. Let m = 7 - q. What is the highest common divisor of m and 8?
4
Let v be (-108)/26 - 8/(-52). Let g = v - -12. What is the highest common factor of g and 24?
8
Let a = -11 + 19. Let m(t) = 5*t - 6. Let d be m(6). Let w be d/(((-6)/(-4))/1). What is the highest common divisor of w and a?
8
Let w be (-3)/(-4) - 68725/(-100). What is the greatest common factor of w and 43?
43
Suppose 7 = -3*n + 5*d, 5*d - d = 5*n + 3. Let x be n + 3 + (-5)/(-5). Calculate the greatest common factor of x and 10.
5
Suppose 24*v = 22*v - 178. Let a = 95 + v. What is the greatest common factor of 48 and a?
6
Let z be (0 + -1)/(-1 + 8/12). Suppose 0 = 4*y + y - 300. Suppose -y = -7*o + 2*o. Calculate the greatest common divisor of o and z.
3
Let t be 38/(-57) + (-184)/(-6). Let m = t + -8. What is the highest common factor of m and 154?
22
Suppose -3*o + 131 = 23. Suppose 2*y = -5*x + 22, -5*y + 0*y + 34 = 2*x. Calculate the greatest common factor of y and o.
6
Suppose 16*l + 0 = 16. Suppose 0 = -5*o - 25, -4*s = 4*o - l + 5. What is the greatest common divisor of 1 and s?
1
Let b(y) = y + 2. Suppose 3 = -7*o + 4*o. Let w be b(o). Suppose -m - w + 6 = 0. Calculate the highest common divisor of 1 and m.
1
Suppose -660 = -25*z + 140. What is the greatest common factor of z and 32?
32
Let v = -1 + 3. Let z(i) = -3*i + 18. Let l be z(6). Suppose 3*r + 108 - 162 = l. What is the greatest common factor of v and r?
2
Let j(z) = z**3 - 10*z**2 + 9*z - 1. Let h be j(9). Let g be h/(0 - (-1)/(-10)). Let u be (-6)/g - (-906)/10. What is the highest common factor of